 Suppose -p*j + 12*j = 0, 0 = -2*u - 4*j + 2174. Is u composite?
False
Let g = -18 + 22. Suppose -11 = -g*t + 5. Suppose -400 = -4*u + t*h, -5*u + 3*h + h = -497. Is u prime?
True
Suppose 0 = -t - 2, -2*v - 43*t + 28 = -48*t. Suppose 18552 = -v*u + 57495. Is u a composite number?
False
Suppose -b - 15*k + 6837 = -13*k, 5*k = 2*b - 13629. Suppose -b = -10*x + 12483. Is x a composite number?
False
Suppose 483*u - 469*u - 544474 = 0. Is u prime?
True
Suppose 626209 = 2*i - 3*k, -28*k = 4*i - 30*k - 1252414. Is i prime?
False
Let p(l) = 2*l**2 + 3*l. Let g be p(-3). Suppose -k - g = -0*b + 4*b, -34 = -4*k - 2*b. Is 7410/22 + ((-4)/k)/(-2) a prime number?
True
Suppose 9*r - 5*r - 36 = 0. Suppose 8*m = r*m - 1760. Suppose -5*b + 1605 = -m. Is b composite?
False
Let o(c) = -c**2 + 1. Let i(a) = -24*a**2 - 3*a + 9. Let l(x) = -i(x) + 9*o(x). Let z be l(2). Let d = z + 52. Is d a prime number?
False
Suppose 4*z + 3*v = 35, 2*v - 1 = 4*z - 11. Suppose -z*s + 1294 = -3411. Is s composite?
False
Let t(i) = 55*i - 243. Let b be (5*48)/6 + -2. Is t(b) prime?
True
Let g(p) = p**2 + 31*p + 201. Let n be g(-9). Let b(j) = 36*j**3 + j**2 - j**2 + 4 + 2*j + j**2. Is b(n) a prime number?
True
Let i be ((-40)/30 - -1)/(2/24). Let z(t) = -230*t**3 - 3*t**2 + 4*t + 3. Is z(i) a composite number?
True
Let i(f) = -f - 2. Let g be i(-2). Suppose 3*s - 6 = g, -7*s - 6 = -2*j - 8*s. Suppose 0 = 2*n - b - 1916 - 3303, j*n + 5*b = 5237. Is n prime?
False
Let p(m) = -3*m**3 + m**2 - m + 1. Let o be p(1). Let t = 20 + o. Is (-5426)/(-8) + t/24 a composite number?
True
Let f(s) = -s**2 - s + 1. Let i(b) = 771*b**3 + 2*b**2 + 10*b + 19. Let l(k) = -2*f(k) - i(k). Is l(-4) composite?
True
Let r(p) = p**2 + 22*p + 56. Let s(g) = -g**2 + 3. Let d(u) = -r(u) - 3*s(u). Is d(29) a composite number?
True
Let y(x) = -271*x**3 - 88*x**2 + x - 1. Is y(-4) composite?
True
Suppose -6 = 3*k + 4*d, -3*d = k + 3 + 4. Suppose -11*z - 8 = -13*z + k*g, -8 = 2*g. Is (-22988)/(-14)*(1/2 - z) a prime number?
True
Let f = -5038 + 5040. Let d(a) = a - 2. Let r be d(6). Suppose 3*l = -0*l + 5*h + 2139, 0 = f*l + r*h - 1426. Is l a prime number?
False
Let w(a) = 166*a**2 + 210*a - 1231. Is w(78) a composite number?
False
Is 66/363 - 211236/(-44) prime?
True
Suppose 11*n - 10*n - 6 = 0, 4*f - 176294 = -3*n. Is f a prime number?
False
Suppose -5*r = -5*m - 6*r + 17605, -5*m = -r - 17615. Let x = 6341 - m. Is x a composite number?
False
Let x(i) = 14664*i**2 - 50*i + 15. Is x(2) a prime number?
False
Let q = -46 - -51. Suppose -339 - 1835 = -4*w + 2*b, 0 = q*w + 5*b - 2710. Is w prime?
False
Suppose q - 213 = 3*h + 2, 0 = 3*h + 2*q + 200. Let m = h + 78. Is 1 + m/(-5) - (-27440)/25 a composite number?
False
Suppose 575999 - 114686 = 9*f. Is f a composite number?
False
Let l(a) = 152*a + 8. Let b(w) = -w + 1. Let f(m) = -14*b(m) + 2*l(m). Let y be f(1). Is (y/3 + 3/9)*5 prime?
False
Let g(m) = -18810*m + 707. Is g(-12) a prime number?
True
Is ((266/(-57))/7)/((-4)/223302) a composite number?
False
Let y(o) = 5408*o + 2207. Is y(7) composite?
False
Let z = 2684 - 125. Is z prime?
False
Let s = 156 + -154. Suppose 3*h = 3*d + 13945 - 2596, 0 = -s*d + 8. Is h a composite number?
True
Suppose -2*w = 12 - 48. Let z = w - 15. Suppose 2*f + z - 325 = 0. Is f prime?
False
Let g be (4 - (-5 + 4))*(-25302)/(-5). Is (-3)/(-48)*4 - g/(-8) prime?
True
Suppose -2 = 4*b - 14. Let i(g) = -6*g**3 - 125*g**2 - 32*g - 88. Let y be i(-21). Suppose 0 = -b*x - 2*x + y. Is x prime?
False
Let i be 0/(-8) - 13*-2. Let s be -477 - ((-2)/(-3))/(i/(-117)). Is (s/(-8))/((-27)/(-180)) a prime number?
False
Suppose 395532 = 14*u - 54134. Let z = -22748 + u. Is z composite?
False
Let q(p) be the first derivative of p**2 + 16*p - 4. Let x be q(-11). Let f(s) = 9*s**2 + 5*s - 20. Is f(x) a prime number?
False
Let y = -17 + 19. Suppose -7*t + 10 = -y*t. Suppose -t*x + 5*x - 2763 = 0. Is x a prime number?
False
Let f(b) = -21*b**3 - 43*b**2 - 163*b + 137. Is f(-30) prime?
True
Let f(m) = 51*m**2 - 16. Let s(y) = -y**3 + 11*y**2 - 10*y - 5. Suppose -13*j + 154 = 24. Let z be s(j). Is f(z) prime?
True
Let t(y) = y**3 + 6*y**2 - 13*y + 17. Let i be t(-7). Let g be i - (-2 + -2*(-4 - -5)). Suppose 3*j = -5*f + 145, -5*j + g = -f - 216. Is j a prime number?
False
Suppose p = -6*q + 2*q + 234, 10 = 5*p. Let l = 113 - q. Is 1264/10 - (-33)/l composite?
False
Suppose -10 = 5*c, 3*w = 3*c + 289103 + 177730. Is w composite?
False
Suppose -i + 5*q + 1545 = 0, -i + q = -3*q - 1544. Suppose -5*c = 3*k + 1903, 7*k = 4*c + 5*k + i. Let a = 1141 + c. Is a prime?
False
Let x be 6/4*(16 + 23402) - 4. Suppose -19*t + x = -18894. Is t prime?
True
Let n be 2 + 12106 + 145/(-29). Suppose -13*w + n = k - 11*w, 4*k = -w + 48391. Is k prime?
True
Suppose 3*n = -f + 582411, -582411 = -15*n + 12*n + f. Is n prime?
False
Suppose 3*y - 5*o + 5 = 0, 5*y - 3*o - 2 + 37 = 0. Is (y + 29/3)/((-2)/2034) composite?
True
Let i = -423616 + 842169. Is i a composite number?
False
Let i(f) = -16426*f**3 + 3*f**2 - 37*f - 81. Is i(-2) a composite number?
False
Suppose 0 = -3*f + a + 1426468, -a - 930447 = -2*f + 20533. Is -2*1/(-10) + f/260 prime?
False
Let t(f) = -14*f + 109. Let w be t(8). Is w*(2 - (-3675)/(-5)) prime?
False
Suppose 5*c - n - 2835431 = 0, 174*c - 176*c + 1134188 = -3*n. Is c a prime number?
False
Let s(w) = 268*w + 1409. Is s(50) composite?
True
Let c(k) = -44*k - 4. Let t be c(4). Let u be ((-872)/(-6))/((-12)/t). Let d = u + -763. Is d a prime number?
False
Suppose 0*t - 2*t - 8*t + 2018590 = 0. Is t composite?
True
Let x be (-5 - -1635) + 0 - 1. Let w = 3850 + x. Is w a composite number?
False
Let y be 1/(-3) + (-610)/(-30). Suppose -18 = -2*l - y. Is (-447)/(-12)*(3 - l) a composite number?
False
Suppose -5*h = -3*y + 471289, 2*h + 628404 = 18*y - 14*y. Is y composite?
False
Suppose 0 = -33*i - 39 + 6. Let d = -72 - -110. Is ((-6)/(-4) + i)*d prime?
True
Let i = -63 - -77. Let u(z) = -z + 17. Let p be u(i). Suppose -4*w = 4*a - 1164, 0*w + p*w + 849 = 3*a. Is a a prime number?
False
Let l(o) = 136*o**3 - 60*o**2 + 282*o - 39. Is l(5) composite?
False
Let g(n) = 202*n**2 + 14*n - 107. Is g(-18) composite?
False
Let f = -1787 + 1789. Suppose 3*b - 8 = -2*c - 0, 2*b - 16 = -4*c. Suppose -2*w - 1026 = -4*t, -f*t + b*t + 3*w = -511. Is t composite?
False
Suppose 0 = -4*v - 5*j + 489, 4*j - 146 = -v - 10. Let c(x) = 4*x - v*x**2 + 53*x**2 + 2809 + 62*x**2. Is c(0) composite?
True
Let b be (-3)/(-9) + (-6)/(-9). Suppose j + b = 3*r, -2*r - r - 2*j - 2 = 0. Is (r + 3)/(973/(-497) + 2) composite?
False
Suppose 16*g - 221836 = 213988. Suppose 0 = 5*u + 5*v - 8*v - g, -u + 2*v + 5445 = 0. Is u a composite number?
False
Suppose -93*p - 3*d = -93*p, -5*p + 3*d = -3407195. Is p prime?
False
Let q(t) = -t**2 - 10*t + 27. Let u be q(8). Let s = u + 3696. Is s a prime number?
False
Suppose 25*j + 101452 - 937680 = -13*j. Is j a prime number?
False
Let g = 2335738 - 1121027. Is g a composite number?
False
Let z be ((-2)/(-7)*-3)/((-44)/616). Let v = z - 10. Suppose 3114 = v*t - a + 3*a, -3*t = 5*a - 4663. Is t prime?
False
Let l be -2 - -4 - -12 - (3 + 1). Suppose -5*z + l*z = -4*x - 44367, 0 = 2*x - 4. Is z/(-20) + 3*1/(-4) a prime number?
True
Let m be -3 - (-4329)/(-9) - -6. Let o = 1016 + m. Is o composite?
True
Let u be 1057/2 + 3/(-6). Let i(a) = 4*a**2 - 14*a - 21. Let d be i(16). Let n = d - u. Is n a composite number?
False
Suppose -5*q + 277 = -2*k, 3*q = 2*k + 6*q + 237. Let x = -56 - k. Suppose -4236 = -x*v + 66*v. Is v a prime number?
False
Suppose -364 - 356 = 30*w. Let b = 130 + w. Is b a prime number?
False
Is 12 + -2 + 3635346/26 composite?
False
Let i be ((-106)/6)/(16/(-48)). Suppose -r + 33 = -4*v, 5*r - i = 6*v - 2*v. Is 134 + (v - 2)/3 composite?
False
Let b = -55 - -70. Suppose 0 = -2*y + 105 + b. Suppose 851 - y = d. Is d a composite number?
True
Suppose -6*d + 28859 = -4*g - 22167, 33999 = 4*d + g. Is d composite?
False
Let g = 89636 + 15809. Is g prime?
False
Suppose n = 5196 + 915. Let j = n + 3540. Is j prime?
False
Suppose -43*y = -40*y - 3. Let j(i) = 143*i**3 + i**2 - i + 1. Let f be j(y). Suppose -5*c + f = d, 0 = -0*d - d - 3*c + 146. Is d a composite number?
False
Suppose 2*l - 23471 = 3*m, -4*l + 8*l - 46948 = 4*m. Suppose -l = -14*j + 